 divided by 31?
8
Calculate the remainder when 320 is divided by 23.
21
Calculate the remainder when 43 is divided by 11.
10
What is the remainder when 45 is divided by 32?
13
What is the remainder when 103 is divided by 55?
48
Calculate the remainder when 302 is divided by 6.
2
What is the remainder when 135 is divided by 40?
15
What is the remainder when 12 is divided by 7?
5
What is the remainder when 141 is divided by 16?
13
Calculate the remainder when 5914 is divided by 61.
58
What is the remainder when 353 is divided by 97?
62
Calculate the remainder when 23 is divided by 6.
5
Calculate the remainder when 152 is divided by 11.
9
What is the remainder when 2989 is divided by 125?
114
What is the remainder when 206 is divided by 13?
11
Calculate the remainder when 120 is divided by 59.
2
Calculate the remainder when 333 is divided by 119.
95
What is the remainder when 134 is divided by 23?
19
What is the remainder when 47163 is divided by 13?
12
What is the remainder when 338 is divided by 88?
74
Calculate the remainder when 17 is divided by 15.
2
What is the remainder when 429 is divided by 228?
201
What is the remainder when 495 is divided by 32?
15
What is the remainder when 216 is divided by 57?
45
Calculate the remainder when 491 is divided by 64.
43
Calculate the remainder when 416 is divided by 82.
6
Calculate the remainder when 544 is divided by 61.
56
Calculate the remainder when 213 is divided by 18.
15
Calculate the remainder when 218 is divided by 55.
53
Calculate the remainder when 1171 is divided by 49.
44
Calculate the remainder when 42 is divided by 15.
12
What is the remainder when 3398 is divided by 21?
17
Calculate the remainder when 558 is divided by 17.
14
Calculate the remainder when 98 is divided by 71.
27
What is the remainder when 115 is divided by 24?
19
Calculate the remainder when 1749 is divided by 110.
99
What is the remainder when 381 is divided by 24?
21
Calculate the remainder when 1053 is divided by 259.
17
What is the remainder when 1116 is divided by 43?
41
What is the remainder when 2622 is divided by 8?
6
What is the remainder when 4808 is divided by 10?
8
What is the remainder when 207 is divided by 56?
39
Calculate the remainder when 694 is divided by 35.
29
What is the remainder when 1192 is divided by 25?
17
Calculate the remainder when 3033 is divided by 22.
19
What is the remainder when 1708 is divided by 18?
16
Calculate the remainder when 63 is divided by 35.
28
What is the remainder when 2587 is divided by 2577?
10
Calculate the remainder when 433 is divided by 87.
85
What is the remainder when 607 is divided by 123?
115
Calculate the remainder when 7720 is divided by 66.
64
Calculate the remainder when 215 is divided by 88.
39
Calculate the remainder when 253 is divided by 64.
61
Calculate the remainder when 274 is divided by 230.
44
What is the remainder when 665 is divided by 330?
5
What is the remainder when 1392 is divided by 118?
94
Calculate the remainder when 338 is divided by 11.
8
What is the remainder when 73 is divided by 22?
7
Calculate the remainder when 3010 is divided by 500.
10
Calculate the remainder when 146 is divided by 50.
46
Calculate the remainder when 176 is divided by 94.
82
What is the remainder when 2134 is divided by 83?
59
Calculate the remainder when 415 is divided by 77.
30
Calculate the remainder when 1499 is divided by 25.
24
What is the remainder when 242 is divided by 43?
27
Calculate the remainder when 302 is divided by 54.
32
What is the remainder when 186 is divided by 94?
92
What is the remainder when 1017 is divided by 93?
87
What is the remainder when 83 is divided by 21?
20
Calculate the remainder when 434 is divided by 40.
34
Calculate the remainder when 170 is divided by 83.
4
What is the remainder when 107 is divided by 7?
2
What is the remainder when 47 is divided by 41?
6
What is the remainder when 1571 is divided by 320?
291
Calculate the remainder when 2092 is divided by 347.
10
Calculate the remainder when 369 is divided by 94.
87
What is the remainder when 212 is divided by 44?
36
What is the remainder when 345 is divided by 340?
5
Calculate the remainder when 5375 is divided by 69.
62
Calculate the remainder when 810 is divided by 117.
108
Calculate the remainder when 696 is divided by 134.
26
What is the remainder when 1200 is divided by 391?
27
What is the remainder when 7599 is divided by 20?
19
Calculate the remainder when 6374 is divided by 15.
14
Calculate the remainder when 51 is divided by 32.
19
What is the remainder when 261 is divided by 27?
18
What is the remainder when 181 is divided by 23?
20
What is the remainder when 240 is divided by 77?
9
Calculate the remainder when 491 is divided by 29.
27
Calculate the remainder when 14525 is divided by 64.
61
Calculate the remainder when 269 is divided by 13.
9
What is the remainder when 384 is divided by 43?
40
What is the remainder when 156 is divided by 32?
28
Calculate the remainder when 538 is divided by 532.
6
What is the remainder when 9341 is divided by 13?
7
What is the remainder when 8265 is divided by 12?
9
Calculate the remainder when 215 is divided by 37.
30
Calculate the remainder when 146 is divided by 44.
14
Calculate the remainder when 55983 is divided by 258.
255
What is the remainder when 5846 is divided by 364?
22
Calculate the remainder when 570 is divided by 44.
42
What is the remainder when 475 is divided by 68?
67
What is the remainder when 4884 is divided by 13?
9
Calculate the remainder when 4931 is divided by 329.
325
What is the remainder when 559 is divided by 559?
0
What is the remainder when 1485 is divided by 24?
21
Calculate the remainder when 1035 is divided by 343.
6
What is the remainder when 705 is divided by 109?
51
Calculate the remainder when 300 is divided by 108.
84
What is the remainder when 1187 is divided by 132?
131
Calculate the remainder when 165 is divided by 17.
12
What is the remainder when 825 is divided by 47?
26
What is the remainder when 190 is divided by 16?
14
What is the remainder when 267 is divided by 22?
3
What is the remainder when 35806 is divided by 373?
371
Calculate the remainder when 1410 is divided by 112.
66
What is the remainder when 387 is divided by 112?
51
Calculate the remainder when 191 is divided by 98.
93
What is the remainder when 728 is divided by 41?
31
What is the remainder when 1301 is divided by 260?
1
What is the remainder when 9307 is divided by 19?
16
Calculate the remainder when 233 is divided by 40.
33
What is the remainder when 70 is divided by 13?
5
Calculate the remainder when 9674 is divided by 59.
57
What is the remainder when 335 is divided by 111?
2
What is the remainder when 759 is divided by 85?
79
Calculate the remainder when 6 is divided by 2.
0
Calculate the remainder when 119 is divided by 51.
17
Calculate the remainder when 379 is divided by 16.
11
What is the remainder when 323 is divided by 108?
107
Calculate the remainder when 390 is divided by 168.
54
What is the remainder when 67 is divided by 32?
3
Calculate the remainder when 298 is divided by 136.
26
What is the remainder when 248 is divided by 96?
56
Calculate the remainder when 185 is divided by 77.
31
Calculate the remainder when 94 is divided by 29.
7
What is the remainder when 5834 is divided by 15?
14
What is the remainder when 12646 is divided by 136?
134
What is the remainder when 92 is divided by 80?
12
Calculate the remainder when 115 is divided by 7.
3
What is the remainder when 1069 is divided by 291?
196
Calculate the remainder when 577 is divided by 105.
52
What is the remainder when 41 is divided by 14?
13
Calculate the remainder when 3932 is divided by 69.
68
What is the remainder when 280 is divided by 161?
119
Calculate the remainder when 118 is divided by 40.
38
What is the remainder when 1791 is divided by 27?
9
What is the remainder when 673 is divided by 566?
107
What is the remainder when 81 is divided by 16?
1
Calculate the remainder when 3805 is divided by 37.
31
What is the remainder when 140 is divided by 12?
8
Calculate the remainder when 1857 is divided by 607.
36
What is the remainder when 9313 is divided by 345?
343
Calculate the remainder when 514 is divided by 246.
22
What is the remainder 